st common divisor of 51 and 1751.
17
What is the greatest common divisor of 731 and 17?
17
What is the greatest common factor of 44 and 682?
22
Calculate the highest common divisor of 119 and 7616.
119
What is the greatest common divisor of 63 and 14?
7
Calculate the highest common divisor of 78 and 3003.
39
What is the greatest common factor of 539 and 11?
11
What is the greatest common factor of 99 and 561?
33
Calculate the greatest common divisor of 48 and 208.
16
Calculate the highest common divisor of 126 and 56.
14
Calculate the highest common factor of 2193 and 51.
51
Calculate the highest common factor of 860 and 160.
20
Calculate the highest common divisor of 384 and 324.
12
What is the highest common factor of 70 and 80?
10
What is the highest common factor of 2117 and 146?
73
What is the greatest common divisor of 3097 and 1141?
163
Calculate the highest common factor of 5785 and 178.
89
Calculate the greatest common factor of 920 and 160.
40
Calculate the greatest common factor of 6 and 384.
6
Calculate the highest common divisor of 7 and 11.
1
What is the greatest common divisor of 621 and 24?
3
What is the highest common divisor of 24 and 9?
3
Calculate the highest common divisor of 112 and 1232.
112
Calculate the highest common divisor of 30 and 162.
6
Calculate the greatest common factor of 622 and 4043.
311
Calculate the greatest common factor of 1634 and 646.
38
What is the highest common factor of 305 and 1403?
61
Calculate the greatest common divisor of 195 and 9815.
65
What is the highest common divisor of 4186 and 182?
182
Calculate the highest common divisor of 1148 and 21.
7
What is the highest common divisor of 7 and 224?
7
Calculate the highest common factor of 731 and 86.
43
What is the greatest common divisor of 45 and 75?
15
Calculate the highest common divisor of 3456 and 108.
108
What is the greatest common divisor of 18847 and 47?
47
What is the greatest common factor of 1526 and 126?
14
Calculate the highest common factor of 10 and 270.
10
Calculate the highest common divisor of 96 and 42.
6
What is the greatest common divisor of 899 and 713?
31
Calculate the highest common divisor of 1 and 83.
1
Calculate the highest common divisor of 306 and 414.
18
Calculate the highest common divisor of 74 and 2738.
74
What is the greatest common divisor of 85 and 30?
5
Calculate the greatest common divisor of 54 and 54.
54
What is the highest common factor of 266 and 14?
14
Calculate the highest common divisor of 150 and 4230.
30
What is the highest common factor of 248 and 310?
62
Calculate the highest common factor of 3699 and 27.
27
Calculate the highest common factor of 144 and 396.
36
Calculate the greatest common divisor of 90 and 2610.
90
Calculate the highest common divisor of 176 and 11.
11
Calculate the greatest common factor of 4370 and 20.
10
What is the highest common divisor of 40 and 72?
8
What is the greatest common factor of 3264 and 192?
192
Calculate the greatest common divisor of 26 and 2.
2
What is the highest common divisor of 2511 and 372?
93
Calculate the greatest common factor of 50 and 2.
2
Calculate the greatest common divisor of 689 and 13.
13
What is the highest common factor of 7710 and 90?
30
Calculate the greatest common divisor of 4 and 6652.
4
Calculate the greatest common divisor of 527 and 31.
31
What is the highest common divisor of 154 and 392?
14
What is the highest common factor of 1056 and 8382?
66
What is the highest common divisor of 8 and 1?
1
Calculate the greatest common divisor of 14 and 1659.
7
Calculate the highest common divisor of 483 and 115.
23
What is the greatest common factor of 26 and 6669?
13
What is the highest common divisor of 11 and 11?
11
What is the greatest common factor of 232 and 290?
58
Calculate the highest common divisor of 201 and 335.
67
Calculate the highest common divisor of 1312 and 128.
32
What is the highest common divisor of 170 and 6?
2
What is the highest common divisor of 12 and 1?
1
Calculate the highest common factor of 1648 and 392.
8
Calculate the greatest common divisor of 3294 and 378.
54
What is the highest common divisor of 4069 and 286?
13
Calculate the highest common divisor of 48 and 252.
12
Calculate the greatest common factor of 14499 and 162.
81
What is the highest common divisor of 222 and 48?
6
What is the highest common divisor of 30499 and 7?
7
Calculate the highest common divisor of 2 and 1814.
2
Calculate the highest common divisor of 77 and 707.
7
What is the greatest common divisor of 1974 and 483?
21
Calculate the greatest common factor of 33 and 22209.
33
What is the greatest common divisor of 34 and 25126?
34
Calculate the highest common divisor of 291 and 26384.
97
Calculate the greatest common factor of 2947 and 7.
7
Calculate the greatest common factor of 5149 and 133.
19
Calculate the highest common divisor of 16856 and 56.
56
Calculate the greatest common factor of 410 and 3198.
82
Calculate the greatest common factor of 274 and 1233.
137
What is the highest common divisor of 20 and 2740?
20
What is the greatest common factor of 1404 and 156?
156
What is the highest common divisor of 176 and 16?
16
Calculate the greatest common factor of 121 and 1.
1
Calculate the greatest common divisor of 144 and 45.
9
What is the greatest common factor of 5512 and 832?
104
What is the greatest common divisor of 38668 and 28?
28
What is the greatest common factor of 42 and 1470?
42
Calculate the greatest common divisor of 94 and 282.
94
Calculate the greatest common factor of 369 and 3444.
123
Calculate the greatest common divisor of 551 and 19.
19
What is the greatest common divisor of 22 and 3322?
22
Calculate the greatest common factor of 1330 and 210.
70
Calculate the highest common factor of 372 and 48.
12
Calculate the greatest common divisor of 148 and 740.
148
What is the highest common factor of 8 and 840?
8
What is the highest common factor of 6283 and 61?
61
Calculate the highest common divisor of 119 and 56.
7
What is the highest common factor of 295 and 59?
59
Calculate the greatest common factor of 988 and 65.
13
What is the highest common factor of 39 and 26?
13
Calculate the highest common factor of 3 and 2430.
3
What is the greatest common divisor of 204 and 9843?
51
Calculate the greatest common factor of 182 and 35.
7
What is the greatest common divisor of 24 and 2964?
12
Calculate the highest common factor of 467 and 1.
1
Calculate the greatest common divisor of 2864 and 16.
16
Calculate the highest common factor of 63420 and 21.
21
What is the greatest common divisor of 32 and 544?
32
What is the highest common factor of 1118 and 301?
43
Calculate the highest common factor of 4 and 128.
4
What is the highest common divisor of 6318 and 189?
27
Calculate the highest common factor of 490 and 175.
35
Calculate the greatest common divisor of 4672 and 128.
64
Calculate the highest common divisor of 340 and 230.
10
Calculate the highest common divisor of 41 and 287.
41
What is the highest common factor of 1001 and 364?
91
Calculate the highest common factor of 551 and 29.
29
Calculate the greatest common factor of 888 and 24.
24
What is the highest common divisor of 17721 and 358?
179
What is the greatest common factor of 1904 and 32?
16
What is the highest common divisor of 28116 and 33?
33
What is the highest common factor of 715 and 7579?
143
Calculate the greatest common divisor of 224 and 14.
14
What is the greatest common divisor of 14 and 238?
14
What is the highest common divisor of 49 and 161?
7
Calculate the highest common divisor of 2112 and 5016.
264
Calculate the greatest common factor of 6405 and 183.
183
Calculate the greatest common divisor of 112 and 14.
14
Calculate the greatest common factor of 476 and 196.
28
What is the highest common factor of 594 and 220?
22
Calculate the greatest common divisor of 414 and 46.
46
Calculate the highest common divisor of 1394 and 34.
34
Calculate the greatest common factor of 9 and 38349.
9
What is the highest common factor of 2128 and 448?
112
What is the highest common divisor of 90 and 330?
30
Calculate the highest common divisor of 357 and 204.
51
What is the highest common factor of 5 and 38?
1
What is the greatest common factor of 78 and 1014?
78
Cal